he prime factors of 43181078?
2, 31, 353, 1973
What are the prime factors of 182124948?
2, 3, 23, 659873
What are the prime factors of 2870502397?
7, 59, 6950369
What are the prime factors of 41112955?
5, 13, 41, 15427
List the prime factors of 5511666486.
2, 3, 918611081
What are the prime factors of 343322577?
3, 13, 73, 13399
What are the prime factors of 46332995?
5, 59, 157061
What are the prime factors of 2609628443?
2609628443
List the prime factors of 46001972.
2, 73, 257, 613
List the prime factors of 205004498.
2, 691, 148339
List the prime factors of 622845944.
2, 7, 83, 103, 1301
List the prime factors of 5395992204.
2, 3, 449666017
What are the prime factors of 498401117?
498401117
What are the prime factors of 207773877?
3, 69257959
List the prime factors of 40481895.
3, 5, 467, 5779
List the prime factors of 221807031.
3, 73935677
What are the prime factors of 3109341184?
2, 19, 79907
What are the prime factors of 1894068661?
277, 1223, 5591
List the prime factors of 7040998034.
2, 7, 502928431
What are the prime factors of 29411036?
2, 7352759
List the prime factors of 722810653.
3727, 193939
List the prime factors of 45609645.
3, 5, 149, 20407
List the prime factors of 1530891598.
2, 19, 293, 359, 383
What are the prime factors of 739813506?
2, 3, 239, 283, 1823
What are the prime factors of 1530425044?
2, 547, 699463
List the prime factors of 124255019.
7, 139, 127703
What are the prime factors of 43231552?
2, 7, 13, 571
List the prime factors of 96067613.
96067613
What are the prime factors of 45332138?
2, 19, 1192951
List the prime factors of 33042068.
2, 661, 12497
List the prime factors of 32426232.
2, 3, 1351093
What are the prime factors of 300227000?
2, 5, 67, 4481
List the prime factors of 52510616.
2, 229, 28663
What are the prime factors of 33626746?
2, 16813373
List the prime factors of 51758916.
2, 3, 11, 392113
What are the prime factors of 7810706941?
19, 10513, 39103
List the prime factors of 1858904091.
3, 11, 23, 59, 101, 137
List the prime factors of 141109796.
2, 4799, 7351
What are the prime factors of 233660432?
2, 71, 2897
What are the prime factors of 67728340?
2, 5, 17, 29, 6869
What are the prime factors of 3459274009?
3459274009
List the prime factors of 850281256.
2, 11, 127, 76081
List the prime factors of 108735932.
2, 71, 382873
What are the prime factors of 201727292?
2, 13, 31, 125141
List the prime factors of 93404141.
93404141
What are the prime factors of 2166333894?
2, 3, 43, 743, 3767
What are the prime factors of 927119390?
2, 5, 293, 316423
List the prime factors of 3473888807.
19, 182836253
List the prime factors of 283328688.
2, 3, 227, 26003
What are the prime factors of 1149420101?
23, 2767, 18061
What are the prime factors of 376743606?
2, 3, 62790601
List the prime factors of 4686782059.
23, 227, 353, 2543
List the prime factors of 1234251567.
3, 45713021
List the prime factors of 1137449000.
2, 5, 439, 2591
What are the prime factors of 56966721?
3, 7, 397, 6833
List the prime factors of 857304006.
2, 3, 13, 10991077
List the prime factors of 329083764.
2, 3, 29, 103, 9181
What are the prime factors of 10547051?
181, 58271
What are the prime factors of 52282294?
2, 349, 74903
List the prime factors of 119706171.
3, 13, 29, 53, 1997
List the prime factors of 449154944.
2, 7, 569, 881
What are the prime factors of 115790480?
2, 5, 13, 111337
List the prime factors of 497521821.
3, 19, 31, 281563
List the prime factors of 150089239.
29, 5175491
List the prime factors of 193109132.
2, 239, 201997
List the prime factors of 139258154.
2, 7, 9947011
What are the prime factors of 118678539?
3, 7, 807337
What are the prime factors of 1570457577?
3, 13, 47, 281, 3049
List the prime factors of 161378782.
2, 4013, 20107
What are the prime factors of 28101263?
28101263
What are the prime factors of 457634743?
41, 197, 56659
List the prime factors of 2436495668.
2, 29, 21004273
What are the prime factors of 77305140?
2, 3, 5, 11, 39043
List the prime factors of 64253142.
2, 3, 31, 131, 293
What are the prime factors of 112881874?
2, 7, 47, 171553
What are the prime factors of 8541184?
2, 19, 439
What are the prime factors of 3263532211?
17, 137, 139, 593
What are the prime factors of 4836261815?
5, 7, 11, 43, 292133
List the prime factors of 1904894900.
2, 5, 109, 174761
List the prime factors of 2400289447.
317, 7571891
What are the prime factors of 216217381?
37, 163, 35851
List the prime factors of 1472175858.
2, 3, 23, 67, 159223
What are the prime factors of 18346447?
7, 2620921
List the prime factors of 83504299.
83504299
List the prime factors of 1010257267.
23, 313, 140333
List the prime factors of 32477550.
2, 3, 5, 7, 30931
List the prime factors of 202706515.
5, 11, 43, 85711
What are the prime factors of 24451703?
41, 47, 12689
What are the prime factors of 1585450260?
2, 3, 5, 17, 23, 2503
What are the prime factors of 27998866?
2, 7, 23, 89, 977
What are the prime factors of 33180524?
2, 13, 29, 22003
List the prime factors of 160238295.
3, 5, 7, 508693
What are the prime factors of 148628738?
2, 74314369
What are the prime factors of 356244067?
47, 1949, 3889
List the prime factors of 875547670.
2, 5, 23, 131, 29059
List the prime factors of 2942391.
3, 131, 7487
What are the prime factors of 9884435?
5, 11, 179717
What are the prime factors of 780346391?
11, 37, 1917313
List the prime factors of 16823806.
2, 131, 157, 409
What are the prime factors of 281188954?
2, 43, 3269639
List the prime factors of 31364760.
2, 3, 5, 7, 37339
List the prime factors of 952776347.
952776347
List the prime factors of 301357348.
2, 75339337
What are the prime factors of 106396376?
2, 307, 43321
What are the prime factors of 6167339?
2309, 2671
List the prime factors of 8258766098.
2, 11, 83, 311, 14543
List the prime factors of 26492225.
5, 29, 36541
List the prime factors of 311076737.
311076737
List the prime factors of 1005007807.
1005007807
What are the prime factors of 3608475724?
2, 7, 503, 256211
List the prime factors of 94446186.
2, 3, 17, 925943
What are the prime factors of 34304487?
3, 7, 17, 307, 313
What are the prime factors of 330961899?
3, 17, 6489449
What are the prime factors of 863460159?
3, 293, 982321
List the prime factors of 1461183323.
5197, 281159
List the prime factors of 469383966.
2, 3, 29, 101, 307
List the prime factors of 105563712.
2, 3, 29, 18959
What are the prime factors of 144784398?
2, 3, 11, 2193703
What are the prime factors of 148904015?
5, 13, 2290831
What are the prime factors of 4062658?
2, 641, 3169
What are the prime factors of 610253294?
2, 7, 1151, 37871
List the prime factors of 30935200.
2, 5, 38669
What are the prime factors of 106121400?
2, 3, 5, 7, 11, 2297
List the prime factors of 31953173.
7, 1709, 2671
List the prime factors of 99112231.
293, 338267
What are the prime factors of 98804109?
3, 191, 172433
List the prime factors of 2258628483.
3, 17, 263, 168391
What are the prime factors of 1264129745?
5, 89, 2840741
What are the prime factors of 80872640?
2, 5, 252727
List the prime factors of 12688759.
547, 23197
List the prime factors of 68662790.
2, 5, 7, 980897
List the prime factors of 9339634.
2, 4669817
List the prime factors of 309111275.
5, 11, 1124041
List the prime factors of 8140377711.
3, 937, 2895901
List the prime factors of 3131008850.
2, 5, 62620177
List the prime factors of 2873720271.
3, 3581, 267497
What are the prime factors of 2407138429?
191, 211, 59729
What are the prime factors of 180025771?
311, 578861
List the prime factors of 23189020.
2, 5, 17, 241, 283
List the prime factors of 6011149311.
3, 563, 929, 1277
List the prime factors of 37105896.
2, 3, 661, 2339
What are the prime factors of 1760935363?
11, 41, 367, 10639
List the prime factors of 479339484.
2, 3, 13, 31, 99119
List the prime factors of 1057214583.
3, 117468287
List the prime factors of 2730217675.
5, 41, 2663627
List the prime factors of 345147007.
345147007
List the prime factors of 260566548.
2, 3, 11, 17, 83, 1399
List the prime factors of 1448280587.
13, 131, 179, 4751
What are the prime factors of 2326357844?
2, 29, 191, 104999
List the prime factors of 400124463.
3, 133374821
What are the prime factors of 1213774675?
5, 227, 213881
List